c. Let r = -28 + w. What is the remainder when r is divided by 20?
17
Suppose 0 = -2*l - 5*s - 40, s + 28 = -4*l + 4*s. Let f = -8 - l. Suppose -f*a - 2*n = -18, n + 12 = a + a. Calculate the remainder when 12 is divided by a.
5
Let h = 37 - 26. Suppose -h - 14 = -w. Let u = -14 + 28. Calculate the remainder when w is divided by u.
11
Suppose 0*d - 16 = -d. Suppose c = -3*c + d. Let q = 10 - c. What is the remainder when 17 is divided by q?
5
What is the remainder when -26*1*115/(-46) is divided by 11?
10
Let c(w) = w**2 + 7*w. Let d be c(-5). Calculate the remainder when (4/(-6))/(d/705) is divided by 16.
15
Suppose -7*d + 6*d = 37. Let b = -14 - d. Suppose 0 = 3*g + 2*g - 225. What is the remainder when g is divided by b?
22
Let z(h) = -6 + 2 - 5*h + 2 + 7*h. Suppose 3*t = 2*p - 4 - 2, 6 = 2*p - 4*t. Calculate the remainder when z(p) is divided by 3.
1
Suppose 3*a - 36 = -a. Let c(o) = -o + 12. Let f be c(a). Suppose -2*w = -f*s - w + 30, 2*w - 17 = -s. Calculate the remainder when s is divided by 6.
5
Let b = 42 - 28. What is the remainder when 63 is divided by b + (1 - (2 - 0))?
11
Let j(z) = z**3 - 10*z**2 + 4*z - 6. Let k(m) = -2*m + 4. Calculate the remainder when j(10) is divided by k(-4).
10
Let r = 328 - 303. Let a(y) = 96*y + 1. What is the remainder when a(1) is divided by r?
22
Let m = 0 - -3. What is the remainder when 10 is divided by m?
1
Suppose 14 - 32 = -3*w. Suppose 17 = -w*h + 149. What is the remainder when h is divided by 12?
10
Let v(d) = 3*d + 5. Suppose r + 3*r - 12 = 0. Let p = 10 - r. What is the remainder when v(5) is divided by p?
6
Suppose h - 2*h + 4*b = 10, 3*b - 42 = -5*h. Suppose h*o - 4*o - 64 = 0. What is the remainder when 93 is divided by o?
29
Let y(s) = -s**3 - 4*s**2 + 4*s - 2. Let a be y(-5). Suppose 2*k = -2*r + 18, r + 6 = 2*k + a. Calculate the remainder when 13 is divided by r.
3
Let p(m) = 17*m + 12. What is the remainder when p(4) is divided by 41?
39
Let u(n) = -n**3 + 14*n**2 - 17*n + 5. What is the remainder when u(12) is divided by 15?
14
Let m be (34/(-10) + 1)*-15. Suppose m = 6*o - 2*o. Calculate the remainder when (-3)/(-4) - 1098/(-72) is divided by o.
7
Let s(m) = -22*m + 7. Calculate the remainder when s(-3) is divided by 26.
21
Let t = -1 + 24. What is the remainder when t is divided by 12?
11
Let r(t) = 9*t**2 + 3*t. Let d be r(-3). Suppose 5*b - 28 - d = 0. What is the remainder when 38 is divided by b?
18
Let r(i) be the first derivative of 3*i**2 + 2*i - 3. Let u be r(3). Let k = u - 14. What is the remainder when 17 is divided by k?
5
Let j be (-2)/5 + 119/35. Suppose -1 - 20 = -j*w. Let y = -17 + 36. What is the remainder when y is divided by w?
5
Let b(w) = -w**2 + w + 13. Let u be b(-9). Let j = 112 + u. What is the remainder when j is divided by 19?
16
Let l = 4 + -2. Let x = -2 + 3. Calculate the remainder when l is divided by x.
0
Let p be 2 + 2*(-3)/(-2). Let x(l) = l. What is the remainder when 19 is divided by x(p)?
4
Let p(i) = i**2 - 7*i - 6. Let l = 29 + -21. What is the remainder when 2 is divided by p(l)?
0
Suppose 3*m - 4*x = -366, -3*m - 2*m - 2*x = 610. Let r = -51 - m. Let j = -51 + r. What is the remainder when 38 is divided by j?
18
Suppose -1 - 5 = -2*j. Suppose -12 = -j*k - 0*k. What is the remainder when 10 is divided by 0 + k + (0 - -2)?
4
Let k(z) be the first derivative of 49*z**2/2 - z - 2. Calculate the remainder when k(1) is divided by 17.
14
Let v = 46 - 27. Suppose l = v + 4. Calculate the remainder when l is divided by 8.
7
Let a = -48 + 67. Suppose 4*x - 25 = -x. Calculate the remainder when a*(-3 + 4/1) is divided by x.
4
Let j(b) = -2*b**2 - 11*b + 2. Suppose -c - 8 + 3 = 0. Calculate the remainder when 12 is divided by j(c).
5
Let t(m) = 9*m**2 - m. Calculate the remainder when 46 is divided by t(1).
6
Suppose 3*a - 5*a = -90. Suppose v - a = -0*w + 4*w, -w + 35 = v. Suppose 0*y - y = -2*f + 23, 3*y + 30 = 3*f. Calculate the remainder when v is divided by f.
11
Let v(c) be the third derivative of c**5/30 - c**4/12 + c**3/6 + c**2. Let l = 29 - 26. Calculate the remainder when 38 is divided by v(l).
12
Calculate the remainder when 32 is divided by 10 - -2 - (-6)/(-36)*6.
10
Suppose 0 = 9*w - 11*w + 8. What is the remainder when 15 is divided by w?
3
Suppose i = 3*s + 9, i + 4*s - 14 = -2*i. Suppose -3*h + i*h - 5*x - 12 = 0, -5*h + 51 = 2*x. Let m = -4 + h. Calculate the remainder when 8 is divided by m.
3
Let d = 71 - 40. Calculate the remainder when 122 is divided by d.
29
Suppose -t + 2*c + 3*c = -15, 2*c = 4*t - 24. What is the remainder when 18 is divided by t?
3
Let w(x) = -x**2 + 5. Let z(f) = 2*f - 16. Let j be z(8). Calculate the remainder when 23 is divided by w(j).
3
Let p(j) = 15*j**3 + j**2 + j - 1. Let c be p(1). Let m = 27 - c. Let v = 10 + m. Calculate the remainder when v is divided by 11.
10
Calculate the remainder when ((-15)/(-2))/(1/6) is divided by 12.
9
Let g(a) = a**3 - 4*a**2 - a + 4. Let s be g(4). Suppose -8*w + 3*w + 45 = s. Let j(b) = -12*b + 2. What is the remainder when j(-2) is divided by w?
8
Suppose 2*k = -h + 123, 5*h - 167 = -k - 2*k. Let n = -33 + k. What is the remainder when 123 is divided by n?
30
Suppose -152 = 26*w - 30*w. What is the remainder when 339 is divided by w?
35
Suppose 5*l = 7*l - 156. Suppose 4*y = -4*t + 142 - 46, -2*y = -4*t - l. Calculate the remainder when y is divided by 8.
5
Let h(r) = r**2 - 9*r + 5. Let v be h(9). Let t(l) = l**3 - 5*l**2 + 6*l + 4. Calculate the remainder when 66 is divided by t(v).
32
Suppose 31*g - 23*g = 72. Let n = 7 + -2. Suppose 2*d = -n*v + 125, 0 = 4*d - d. Calculate the remainder when v is divided by g.
7
Let f be 2/(-8) - 156/16. Let j = 17 + f. Calculate the remainder when j is divided by 2.
1
Let s be (-18)/30 - 116/(-10). Let k = -7 + s. What is the remainder when 2/3*(11 + -2) is divided by k?
2
Let s(i) = -10*i - 8. What is the remainder when s(-5) is divided by 11?
9
Let m = -4 + 2. Let w = m - -25. Calculate the remainder when w is divided by 13.
10
Let m(w) = w + 10. Let s be m(-7). Let t(z) = 9 - z**s - 2*z**2 + 2*z**2 + 0*z**2 - 5*z**2 + 6*z. Calculate the remainder when t(-6) is divided by 5.
4
Let c = 23 - 21. Calculate the remainder when c is divided by (2*2 - 1) + -1.
0
Suppose 2*w + 5 - 14 = 5*n, 0 = n - w + 3. Let t(s) = -9*s + 1. Calculate the remainder when 19 is divided by t(n).
9
Suppose -5*b + 25 = 5*g, 3 = -2*g - b + 10. Suppose g*d - 13 = 17. Calculate the remainder when (-354)/(-8) - 2/8 is divided by d.
14
Let z(y) = -y**3 - 10*y**2 - 9*y + 5. Let f be z(-9). Suppose 3*b - 3*w - 138 = 0, 2*w + f = 1. Let i = 19 - 4. What is the remainder when b is divided by i?
14
Let i(t) = 2*t**3 - 2*t**2 - 2*t. Let z be i(2). Let u(f) = -f + 9. Calculate the remainder when 8 is divided by u(z).
3
Let b be ((-18)/15)/(2/5). What is the remainder when 36 is divided by b + (23 - (1 + 0))?
17
Suppose -g - 3 = 6. Let h = -6 - g. What is the remainder when 4 is divided by h?
1
Suppose u + 3*u = 0. Suppose u*l + l - 4*t = 51, 4*t = -2*l + 54. What is the remainder when l is divided by 9?
8
Let s(y) = -y**2 - 7*y - 4. Suppose -5*l + 3*o + 88 - 19 = 0, -2*l = -o - 28. What is the remainder when l is divided by s(-5)?
3
Let r = 11 + -7. Suppose -2*a - 4*y + 90 = -5*y, a - r*y - 45 = 0. Calculate the remainder when a is divided by (8/3)/((-2)/(-9)).
9
Let v = 6 - 3. Calculate the remainder when 0 + 4 + 3 + (3 - 0) is divided by v.
1
Let q = -71 + 109. Calculate the remainder when q is divided by 14.
10
Let o(m) = m**3 - 8*m**2 - 9*m + 12. Suppose 0 = 4*a + 5 - 41. Let h(g) = -g**3 + 7*g**2 - 6*g + 3. Calculate the remainder when h(5) is divided by o(a).
11
Let y = -5 + 8. Suppose -5*v + y*u + 124 = 0, v + u - 43 = -v. Calculate the remainder when v is divided by 8.
7
Suppose 1 = -c - 3. Let t = -4 - c. Suppose t = 5*h - 35 - 0. What is the remainder when h is divided by 3?
1
Let f(h) = 10*h + 3. Let g be f(-2). Let v = -5 - g. Let a(x) = x**3 + 6*x**2 - 3*x - 5. Calculate the remainder when a(-5) is divided by v.
11
Suppose 5*w - 8*w + 12 = 0. Suppose 0 = -2*v + 4*i + 98, -i - 3*i = w*v - 256. Calculate the remainder when v is divided by 15.
14
Let y(l) = l**2 + l - 11. What is the remainder when y(-6) is divided by 7?
5
Suppose 41 = 2*p + z, 2*p - 5